{"id":2437,"date":"2020-01-27T16:23:15","date_gmt":"2020-01-27T16:23:15","guid":{"rendered":"https:\/\/www.bicachair.com\/?page_id=2437"},"modified":"2022-05-06T19:48:48","modified_gmt":"2022-05-06T18:48:48","slug":"home-page","status":"publish","type":"page","link":"https:\/\/www.bicachair.com\/fr\/","title":{"rendered":"Accueil"},"content":{"rendered":"","protected":false},"excerpt":{"rendered":"","protected":false},"author":1,"featured_media":0,"parent":0,"menu_order":0,"comment_status":"closed","ping_status":"closed","template":"theme-homepage.php","meta":{"_acf_changed":false,"footnotes":""},"class_list":["post-2437","page","type-page","status-publish","hentry"],"acf":[],"yoast_head":"<!-- This site is optimized with the Yoast SEO plugin v27.4 - https:\/\/yoast.com\/product\/yoast-seo-wordpress\/ -->\n<title>Chaise Portugaise - Bicachair<\/title>\n<meta name=\"description\" content=\"Chaise Portugaise - Cr\u00e9\u00e9e au milieu des ann\u00e9es 50, la chaise portugaise est un symbole culturel. Aper\u00e7ue sur toutes les terrasses du pays, elle connait \u00e0 pr\u00e9sent une v\u00e9ritable renaissance.\" \/>\n<meta name=\"robots\" content=\"index, follow, max-snippet:-1, max-image-preview:large, max-video-preview:-1\" \/>\n<link rel=\"canonical\" href=\"https:\/\/www.bicachair.com\/fr\/\" \/>\n<meta property=\"og:locale\" content=\"fr_FR\" \/>\n<meta property=\"og:type\" content=\"article\" \/>\n<meta property=\"og:title\" content=\"Chaise Portugaise - Bicachair\" \/>\n<meta property=\"og:description\" content=\"Chaise Portugaise - Cr\u00e9\u00e9e au milieu des ann\u00e9es 50, la chaise portugaise est un symbole culturel. Aper\u00e7ue sur toutes les terrasses du pays, elle connait \u00e0 pr\u00e9sent une v\u00e9ritable renaissance.\" \/>\n<meta property=\"og:url\" content=\"https:\/\/www.bicachair.com\/fr\/\" \/>\n<meta property=\"og:site_name\" content=\"Bicachair\" \/>\n<meta property=\"article:modified_time\" content=\"2022-05-06T18:48:48+00:00\" \/>\n<meta property=\"og:image\" content=\"https:\/\/www.bicachair.com\/wp-content\/uploads\/2020\/03\/classic_adn_00.jpg\" \/>\n\t<meta property=\"og:image:width\" content=\"1920\" \/>\n\t<meta property=\"og:image:height\" content=\"1282\" \/>\n\t<meta property=\"og:image:type\" content=\"image\/jpeg\" \/>\n<meta name=\"twitter:card\" content=\"summary_large_image\" \/>\n<script type=\"application\/ld+json\" class=\"yoast-schema-graph\">{\"@context\":\"https:\\\/\\\/schema.org\",\"@graph\":[{\"@type\":\"WebPage\",\"@id\":\"https:\\\/\\\/www.bicachair.com\\\/fr\\\/\",\"url\":\"https:\\\/\\\/www.bicachair.com\\\/fr\\\/\",\"name\":\"Chaise Portugaise - Bicachair\",\"isPartOf\":{\"@id\":\"https:\\\/\\\/www.bicachair.com\\\/#website\"},\"datePublished\":\"2020-01-27T16:23:15+00:00\",\"dateModified\":\"2022-05-06T18:48:48+00:00\",\"description\":\"Chaise Portugaise - Cr\u00e9\u00e9e au milieu des ann\u00e9es 50, la chaise portugaise est un symbole culturel. Aper\u00e7ue sur toutes les terrasses du pays, elle connait \u00e0 pr\u00e9sent une v\u00e9ritable renaissance.\",\"breadcrumb\":{\"@id\":\"https:\\\/\\\/www.bicachair.com\\\/fr\\\/#breadcrumb\"},\"inLanguage\":\"fr-FR\",\"potentialAction\":[{\"@type\":\"ReadAction\",\"target\":[\"https:\\\/\\\/www.bicachair.com\\\/fr\\\/\"]}]},{\"@type\":\"BreadcrumbList\",\"@id\":\"https:\\\/\\\/www.bicachair.com\\\/fr\\\/#breadcrumb\",\"itemListElement\":[{\"@type\":\"ListItem\",\"position\":1,\"name\":\"In\u00edcio\",\"item\":\"https:\\\/\\\/www.bicachair.com\\\/fr\\\/\"},{\"@type\":\"ListItem\",\"position\":2,\"name\":\"Accueil\"}]},{\"@type\":\"WebSite\",\"@id\":\"https:\\\/\\\/www.bicachair.com\\\/#website\",\"url\":\"https:\\\/\\\/www.bicachair.com\\\/\",\"name\":\"Bicachair\",\"description\":\"Cadeira Portuguesa\",\"publisher\":{\"@id\":\"https:\\\/\\\/www.bicachair.com\\\/#organization\"},\"potentialAction\":[{\"@type\":\"SearchAction\",\"target\":{\"@type\":\"EntryPoint\",\"urlTemplate\":\"https:\\\/\\\/www.bicachair.com\\\/?s={search_term_string}\"},\"query-input\":{\"@type\":\"PropertyValueSpecification\",\"valueRequired\":true,\"valueName\":\"search_term_string\"}}],\"inLanguage\":\"fr-FR\"},{\"@type\":\"Organization\",\"@id\":\"https:\\\/\\\/www.bicachair.com\\\/#organization\",\"name\":\"Bicachair\",\"url\":\"https:\\\/\\\/www.bicachair.com\\\/\",\"logo\":{\"@type\":\"ImageObject\",\"inLanguage\":\"fr-FR\",\"@id\":\"https:\\\/\\\/www.bicachair.com\\\/#\\\/schema\\\/logo\\\/image\\\/\",\"url\":\"https:\\\/\\\/www.bicachair.com\\\/wp-content\\\/uploads\\\/2020\\\/01\\\/bicachair-and-streetart-armcollective-03.jpg\",\"contentUrl\":\"https:\\\/\\\/www.bicachair.com\\\/wp-content\\\/uploads\\\/2020\\\/01\\\/bicachair-and-streetart-armcollective-03.jpg\",\"width\":1920,\"height\":1282,\"caption\":\"Bicachair\"},\"image\":{\"@id\":\"https:\\\/\\\/www.bicachair.com\\\/#\\\/schema\\\/logo\\\/image\\\/\"}}]}<\/script>\n<!-- \/ Yoast SEO plugin. -->","yoast_head_json":{"title":"Chaise Portugaise - Bicachair","description":"Chaise Portugaise - Cr\u00e9\u00e9e au milieu des ann\u00e9es 50, la chaise portugaise est un symbole culturel. Aper\u00e7ue sur toutes les terrasses du pays, elle connait \u00e0 pr\u00e9sent une v\u00e9ritable renaissance.","robots":{"index":"index","follow":"follow","max-snippet":"max-snippet:-1","max-image-preview":"max-image-preview:large","max-video-preview":"max-video-preview:-1"},"canonical":"https:\/\/www.bicachair.com\/fr\/","og_locale":"fr_FR","og_type":"article","og_title":"Chaise Portugaise - Bicachair","og_description":"Chaise Portugaise - Cr\u00e9\u00e9e au milieu des ann\u00e9es 50, la chaise portugaise est un symbole culturel. Aper\u00e7ue sur toutes les terrasses du pays, elle connait \u00e0 pr\u00e9sent une v\u00e9ritable renaissance.","og_url":"https:\/\/www.bicachair.com\/fr\/","og_site_name":"Bicachair","article_modified_time":"2022-05-06T18:48:48+00:00","og_image":[{"width":1920,"height":1282,"url":"https:\/\/www.bicachair.com\/wp-content\/uploads\/2020\/03\/classic_adn_00.jpg","type":"image\/jpeg"}],"twitter_card":"summary_large_image","schema":{"@context":"https:\/\/schema.org","@graph":[{"@type":"WebPage","@id":"https:\/\/www.bicachair.com\/fr\/","url":"https:\/\/www.bicachair.com\/fr\/","name":"Chaise Portugaise - Bicachair","isPartOf":{"@id":"https:\/\/www.bicachair.com\/#website"},"datePublished":"2020-01-27T16:23:15+00:00","dateModified":"2022-05-06T18:48:48+00:00","description":"Chaise Portugaise - Cr\u00e9\u00e9e au milieu des ann\u00e9es 50, la chaise portugaise est un symbole culturel. Aper\u00e7ue sur toutes les terrasses du pays, elle connait \u00e0 pr\u00e9sent une v\u00e9ritable renaissance.","breadcrumb":{"@id":"https:\/\/www.bicachair.com\/fr\/#breadcrumb"},"inLanguage":"fr-FR","potentialAction":[{"@type":"ReadAction","target":["https:\/\/www.bicachair.com\/fr\/"]}]},{"@type":"BreadcrumbList","@id":"https:\/\/www.bicachair.com\/fr\/#breadcrumb","itemListElement":[{"@type":"ListItem","position":1,"name":"In\u00edcio","item":"https:\/\/www.bicachair.com\/fr\/"},{"@type":"ListItem","position":2,"name":"Accueil"}]},{"@type":"WebSite","@id":"https:\/\/www.bicachair.com\/#website","url":"https:\/\/www.bicachair.com\/","name":"Bicachair","description":"Cadeira Portuguesa","publisher":{"@id":"https:\/\/www.bicachair.com\/#organization"},"potentialAction":[{"@type":"SearchAction","target":{"@type":"EntryPoint","urlTemplate":"https:\/\/www.bicachair.com\/?s={search_term_string}"},"query-input":{"@type":"PropertyValueSpecification","valueRequired":true,"valueName":"search_term_string"}}],"inLanguage":"fr-FR"},{"@type":"Organization","@id":"https:\/\/www.bicachair.com\/#organization","name":"Bicachair","url":"https:\/\/www.bicachair.com\/","logo":{"@type":"ImageObject","inLanguage":"fr-FR","@id":"https:\/\/www.bicachair.com\/#\/schema\/logo\/image\/","url":"https:\/\/www.bicachair.com\/wp-content\/uploads\/2020\/01\/bicachair-and-streetart-armcollective-03.jpg","contentUrl":"https:\/\/www.bicachair.com\/wp-content\/uploads\/2020\/01\/bicachair-and-streetart-armcollective-03.jpg","width":1920,"height":1282,"caption":"Bicachair"},"image":{"@id":"https:\/\/www.bicachair.com\/#\/schema\/logo\/image\/"}}]}},"_links":{"self":[{"href":"https:\/\/www.bicachair.com\/fr\/wp-json\/wp\/v2\/pages\/2437","targetHints":{"allow":["GET"]}}],"collection":[{"href":"https:\/\/www.bicachair.com\/fr\/wp-json\/wp\/v2\/pages"}],"about":[{"href":"https:\/\/www.bicachair.com\/fr\/wp-json\/wp\/v2\/types\/page"}],"author":[{"embeddable":true,"href":"https:\/\/www.bicachair.com\/fr\/wp-json\/wp\/v2\/users\/1"}],"replies":[{"embeddable":true,"href":"https:\/\/www.bicachair.com\/fr\/wp-json\/wp\/v2\/comments?post=2437"}],"version-history":[{"count":0,"href":"https:\/\/www.bicachair.com\/fr\/wp-json\/wp\/v2\/pages\/2437\/revisions"}],"wp:attachment":[{"href":"https:\/\/www.bicachair.com\/fr\/wp-json\/wp\/v2\/media?parent=2437"}],"curies":[{"name":"wp","href":"https:\/\/api.w.org\/{rel}","templated":true}]}}

<!-- This site is optimized with the Yoast SEO plugin v27.4 - https://yoast.com/product/yoast-seo-wordpress/ -->
<title>Chaise Portugaise - Bicachair</title>
<meta name="description" content="Chaise Portugaise - Créée au milieu des années 50, la chaise portugaise est un symbole culturel. Aperçue sur toutes les terrasses du pays, elle connait à présent une véritable renaissance." />
<meta name="robots" content="index, follow, max-snippet:-1, max-image-preview:large, max-video-preview:-1" />
<link rel="canonical" href="https://www.bicachair.com/fr/" />
<meta property="og:locale" content="fr_FR" />
<meta property="og:type" content="article" />
<meta property="og:title" content="Chaise Portugaise - Bicachair" />
<meta property="og:description" content="Chaise Portugaise - Créée au milieu des années 50, la chaise portugaise est un symbole culturel. Aperçue sur toutes les terrasses du pays, elle connait à présent une véritable renaissance." />
<meta property="og:url" content="https://www.bicachair.com/fr/" />
<meta property="og:site_name" content="Bicachair" />
<meta property="article:modified_time" content="2022-05-06T18:48:48+00:00" />
<meta property="og:image" content="https://www.bicachair.com/wp-content/uploads/2020/03/classic_adn_00.jpg" />
	<meta property="og:image:width" content="1920" />
	<meta property="og:image:height" content="1282" />
	<meta property="og:image:type" content="image/jpeg" />
<meta name="twitter:card" content="summary_large_image" />
<script type="application/ld+json" class="yoast-schema-graph">{"@context":"https:\/\/schema.org","@graph":[{"@type":"WebPage","@id":"https:\/\/www.bicachair.com\/fr\/","url":"https:\/\/www.bicachair.com\/fr\/","name":"Chaise Portugaise - Bicachair","isPartOf":{"@id":"https:\/\/www.bicachair.com\/#website"},"datePublished":"2020-01-27T16:23:15+00:00","dateModified":"2022-05-06T18:48:48+00:00","description":"Chaise Portugaise - Créée au milieu des années 50, la chaise portugaise est un symbole culturel. Aperçue sur toutes les terrasses du pays, elle connait à présent une véritable renaissance.","breadcrumb":{"@id":"https:\/\/www.bicachair.com\/fr\/#breadcrumb"},"inLanguage":"fr-FR","potentialAction":[{"@type":"ReadAction","target":["https:\/\/www.bicachair.com\/fr\/"]}]},{"@type":"BreadcrumbList","@id":"https:\/\/www.bicachair.com\/fr\/#breadcrumb","itemListElement":[{"@type":"ListItem","position":1,"name":"Início","item":"https:\/\/www.bicachair.com\/fr\/"},{"@type":"ListItem","position":2,"name":"Accueil"}]},{"@type":"WebSite","@id":"https:\/\/www.bicachair.com\/#website","url":"https:\/\/www.bicachair.com\/","name":"Bicachair","description":"Cadeira Portuguesa","publisher":{"@id":"https:\/\/www.bicachair.com\/#organization"},"potentialAction":[{"@type":"SearchAction","target":{"@type":"EntryPoint","urlTemplate":"https:\/\/www.bicachair.com\/?s={search_term_string}"},"query-input":{"@type":"PropertyValueSpecification","valueRequired":true,"valueName":"search_term_string"}}],"inLanguage":"fr-FR"},{"@type":"Organization","@id":"https:\/\/www.bicachair.com\/#organization","name":"Bicachair","url":"https:\/\/www.bicachair.com\/","logo":{"@type":"ImageObject","inLanguage":"fr-FR","@id":"https:\/\/www.bicachair.com\/#\/schema\/logo\/image\/","url":"https:\/\/www.bicachair.com\/wp-content\/uploads\/2020\/01\/bicachair-and-streetart-armcollective-03.jpg","contentUrl":"https:\/\/www.bicachair.com\/wp-content\/uploads\/2020\/01\/bicachair-and-streetart-armcollective-03.jpg","width":1920,"height":1282,"caption":"Bicachair"},"image":{"@id":"https:\/\/www.bicachair.com\/#\/schema\/logo\/image\/"}}]}</script>
<!-- / Yoast SEO plugin. -->

Chaise Portugaise - Créée au milieu des années 50, la chaise portugaise est un symbole culturel. Aperçue sur toutes les terrasses du pays, elle connait à présent une véritable renaissance.

Início
